{"id":436,"date":"2023-09-28T08:32:20","date_gmt":"2023-09-28T08:32:20","guid":{"rendered":"https:\/\/cristalesencia.com\/?post_type=product&#038;p=436"},"modified":"2023-09-28T09:06:56","modified_gmt":"2023-09-28T09:06:56","slug":"copa-champan-personalizada-vinilo","status":"publish","type":"product","link":"https:\/\/cristalesencia.com\/index.php\/producto\/copa-champan-personalizada-vinilo\/","title":{"rendered":"Copa Champ\u00e1n personalizada vinilo"},"content":{"rendered":"<p>Copa de champ\u00e1n decorada en vinilo. Posibilidad de grabado a mano y tambi\u00e9n de empaquetado especial. Preguntar presupuesto.<\/p>\n","protected":false},"excerpt":{"rendered":"<p>Copa de champ\u00e1n decorada en vinilo. Posibilidad de grabado a mano y tambi\u00e9n de empaquetado especial. Preguntar presupuesto.<\/p>\n","protected":false},"featured_media":425,"template":"","meta":[],"product_brand":[],"product_cat":[21,23,24,19],"product_tag":[],"class_list":{"0":"post-436","1":"product","2":"type-product","3":"status-publish","4":"has-post-thumbnail","6":"product_cat-bodas","7":"product_cat-dias-especiales","8":"product_cat-navidad","9":"product_cat-comuniones","10":"sales-flash-overlay","11":"woocommerce-text-align-center","12":"woocommerce-image-align-center","13":"do-quantity-buttons","14":"wc-has-gallery","16":"first","17":"instock","18":"shipping-taxable","19":"purchasable","20":"product-type-simple"},"_links":{"self":[{"href":"https:\/\/cristalesencia.com\/index.php\/wp-json\/wp\/v2\/product\/436","targetHints":{"allow":["GET"]}}],"collection":[{"href":"https:\/\/cristalesencia.com\/index.php\/wp-json\/wp\/v2\/product"}],"about":[{"href":"https:\/\/cristalesencia.com\/index.php\/wp-json\/wp\/v2\/types\/product"}],"wp:featuredmedia":[{"embeddable":true,"href":"https:\/\/cristalesencia.com\/index.php\/wp-json\/wp\/v2\/media\/425"}],"wp:attachment":[{"href":"https:\/\/cristalesencia.com\/index.php\/wp-json\/wp\/v2\/media?parent=436"}],"wp:term":[{"taxonomy":"product_brand","embeddable":true,"href":"https:\/\/cristalesencia.com\/index.php\/wp-json\/wp\/v2\/product_brand?post=436"},{"taxonomy":"product_cat","embeddable":true,"href":"https:\/\/cristalesencia.com\/index.php\/wp-json\/wp\/v2\/product_cat?post=436"},{"taxonomy":"product_tag","embeddable":true,"href":"https:\/\/cristalesencia.com\/index.php\/wp-json\/wp\/v2\/product_tag?post=436"}],"curies":[{"name":"wp","href":"https:\/\/api.w.org\/{rel}","templated":true}]}}